*u(a). Let c = 4 - 7. Give b(c).
7
Let z(m) = -4 + 3 + m - 1. Let r(b) = -b**2 + 4. Let u be r(3). Determine z(u).
-7
Let y(d) = d**2 + d + 1. Let u(g) = 5*g**2 + 4*g + 5. Suppose -5*i + 3*z = 12 + 21, -2*i + z - 13 = 0. Let b(f) = i*y(f) + u(f). Suppose p = -p - 4. Give b(p).
-1
Let n be ((-2)/(-2))/(3/15). Let k be (n/3)/((-7)/21). Let b(a) = -a**3 - 4*a**2 + 6*a + 5. Determine b(k).
0
Let i be (-3)/(-6) - 1/2. Suppose 2*t + 0*t - 8 = i. Let q(o) = o**3 - 5*o**2 + 4*o. What is q(t)?
0
Let n(z) = 6*z**2 + 14*z - 7*z**2 - 1 - 4*z - 12*z. Let r(t) = -t + 5. Let j be r(6). What is n(j)?
0
Let b(r) = 1 + 25*r + 2 - 2 - 23*r + r**2. Determine b(-4).
9
Let t(k) = 0 - 3 - 4*k + 2. Let j(v) = v**3 - 2*v**2 - v - 4. Let g be j(3). Suppose 0 = -3*u + g*u - 2*c + 6, -3*u + 2*c - 14 = 0. What is t(u)?
7
Let q(f) = -4*f - 4. Let h(i) = -2*i + 1. Let y(d) = 2*h(d) + q(d). Determine y(-2).
14
Let o(q) = 11*q. Let u(f) = f**2 + f + 6. Let w be u(0). Suppose 0 = -6*x + w. Calculate o(x).
11
Let a(h) = h**2 + 2*h - 2. Let s(t) = -t + 1. Let w(x) = -5*a(x) - 10*s(x). What is w(-1)?
-5
Let c(u) = -u**2 - 1. Suppose -2*l + 2 = -4. Suppose -3*x + 7 = 2*p, 0 = l*p + 5*x - 5 - 6. What is c(p)?
-5
Let r(m) = m**3 + 11*m**2 + 9*m - 9. Let b be r(-10). Let z(f) = f + 2*f + 4 - b - 2. Let c = -2 - 0. What is z(c)?
-5
Suppose 0 = d - 0*d - 7. Suppose -3*h = -d*h - 20. Let p(u) = -u**2 - 5*u - 2. Give p(h).
-2
Let x(u) = -11*u + 5 - 6*u + 16*u. Suppose -4*w - 4 = 5*s, 5*w + 4*s - 2*s - 12 = 0. Calculate x(w).
1
Let x(i) = -5*i - 6. Let t(d) = d**2 + 1. Let g(o) = -o**2. Let f be g(1). Let v(l) = f*t(l) - x(l). Give v(5).
5
Let c(j) be the first derivative of -3 - 1/2*j**2 - 2*j. Give c(-6).
4
Let k(q) = -3*q - 4. Let x = -1 + 5. Suppose 54 = x*t + 2. Suppose -1 + t = -3*r. Determine k(r).
8
Let v(n) = -n + 89 - 46 - 45. Give v(-2).
0
Suppose 5*t - 13 = 2*y, 0*t - 5*y - 4 = -3*t. Let n(b) = b**3 - 2*b**2 - 2*b. Determine n(t).
3
Let n be 0 + 0 + -3 - 1. Let i(c) = -c + 1. Calculate i(n).
5
Let z(m) = m**2 + 3*m + 4. Let g(t) = -t**2 + t. Let h be g(2). Let u be (2 + -1)*h - 8. Let p = -14 - u. Calculate z(p).
8
Let w(n) = n + 1. Let u(t) = t + 3. Let o(x) = x - 6. Let z be o(4). Let k(s) = z*w(s) + u(s). Give k(4).
-3
Let p(q) be the second derivative of q**7/2520 - q**6/120 - q**5/120 - 5*q**4/12 + 5*q. Let w(v) be the third derivative of p(v). Determine w(6).
-1
Suppose 3*k - 3*p - 3 = 0, 0 = 4*p - 2*p - 8. Suppose -4*f = -k*m - 18, 0*m + f = m + 4. Let g(n) = -3*n - 2. Calculate g(m).
4
Let h be (-12*5/(-15))/(-1). Let a(c) = 1 - 3 - c + 1. Determine a(h).
3
Let s(g) = g - 4*g - g. Determine s(1).
-4
Let s(w) = w**3 - 3*w**2 - 2*w - 5. Suppose 3*p = -5*p + 32. Calculate s(p).
3
Let m(n) = -3*n**2 + 1. Let c(d) = -d + 7. Let k be c(8). Give m(k).
-2
Suppose -3*s - 16 = -10. Let y(x) = x**3 + 2*x**2 + x + 2. Give y(s).
0
Let m(y) = -y**3 + 3*y**2 + 6*y - 3. Let r be 5/2*16/10. Let c be m(r). Suppose -z + c = 10. Let s(f) = -f**3 - 6*f**2 - 7*f - 6. What is s(z)?
4
Let s(d) be the second derivative of d**4/12 + 4*d**3/3 + 2*d**2 + 23*d + 2. Let g be (-3 + 1)*7/2. Calculate s(g).
-3
Let c(h) = -h**3 + 12*h**2 - h - 9. Let q be c(12). Let x be (-20)/15 + q/(-9). Let l(g) = -8*g**2 + 2*g - 1. Give l(x).
-7
Suppose -6 = 9*h - 12*h. Let w(z) be the first derivative of 3*z - 2 + 1/3*z**3 + 3/2*z**h. What is w(-3)?
3
Let b(o) = -o**2 + 4*o + 5. Let z be 2*1 - (3 + 11). Let k be 4*((-33)/z + -2). Suppose -4 - 8 = -k*v. What is b(v)?
5
Let n(c) = c**2 + 3*c**2 - 5*c**2 - 2*c**2 + 1. What is n(1)?
-2
Suppose 39*g + 38 = -1. Let p be 0 + (0 - 0 - -2). Let k(o) = -5*o + 1. Let s(b) = -5*b + 1. Let t(a) = p*s(a) - 3*k(a). Calculate t(g).
-6
Suppose 6*h + 4 - 58 = 0. Let x(c) = -c + 7. Determine x(h).
-2
Suppose 0 = -5*u + 11 + 9. Suppose 0*j + 3*j - 19 = -4*b, -5*j - u*b + 21 = 0. Let f(i) = -i - i + j + 3*i. Give f(-5).
-4
Let d(n) = 2*n**2 - 4*n. Let q = -3 + 3. Suppose b = 5 - q. Suppose -5*m + 0*m = -5*a - 30, -2*m - b*a - 9 = 0. Calculate d(m).
6
Let n(p) = p**3 - 2*p**2 + 4*p - 2. Suppose 3*a + 0*f = 5*f + 22, 4*a = -4*f + 8. Suppose a*t + 4 = 0, -6*q = -q + 2*t - 8. Determine n(q).
6
Let p(o) = o**3 - 5*o**2 + 3*o - 1. Let y be -1 - 3*3*-1. Let w = -7 - -3. Let i = w + y. What is p(i)?
-5
Let p(l) = -6*l**2 - 4*l + 6 - l**3 - 2 + 0*l**3. Suppose -z = -0*z - 25. Suppose -8*n + 3*n = z. Determine p(n).
-1
Suppose 5*x - 31 = -5*r + 2*r, -2*x = -5*r. Let n(c) be the first derivative of -c**2/2 + 5*c + 2. Give n(x).
0
Let d(c) be the first derivative of c**2/2 + 10*c - 1. Let k(r) = -4*r - 40. Let i(h) = -9*d(h) - 2*k(h). What is i(-5)?
-5
Let x(b) be the third derivative of b**6/120 + b**5/20 + b**4/8 + b**3/2 + b**2. Suppose 12 = -2*w - 2*w. Calculate x(w).
-6
Let k = 3 - 12. Let r = -3 - k. Suppose -4*t + r = 2. Let x(h) = 2*h**2 + h. Calculate x(t).
3
Let f(m) be the first derivative of 3*m**4/4 + m + 70. Give f(-1).
-2
Let r = 27 - 23. Let i(g) = -g. Give i(r).
-4
Suppose -2*x - 3 = -0*x - u, 2*x - 5*u + 15 = 0. Let k(s) = 3*s**2 - 2089*s**3 + 2088*s**3 + s - 4*s**2 + 2. Determine k(x).
2
Let o(d) = -5*d**2 + 5*d**2 - 1 - 2*d + 0*d**2 + 2*d**3. Let v = -1 + 0. What is o(v)?
-1
Let b(n) = n**2 - n + 2. Let z(s) = 2*s**2 - 3*s**2 - s**3 + 8*s**2 + 3 + 2*s**3 + 6*s. Let k be z(-6). Let f = k + -1. Determine b(f).
4
Let k be ((-5)/(-3))/(5/18). Let z(y) = -y**2 + 6*y - 9. Calculate z(k).
-9
Suppose 4*v + 4*k = 2*v + 24, 2*v - 3*k = -11. Let s be 0 - -1 - 2*-1. Let u(m) = -s*m - 5 - 3*m**v + m**2 + 2 + m**3 + 4*m**2. Calculate u(-2).
3
Let p(w) = -13*w - 11. Let o(n) = 7*n + 5. Let i(l) = -11*o(l) - 6*p(l). Let u = 79 + -85. Give i(u).
5
Suppose -2*x = -0*x. Let w(a) be the third derivative of -a**5/60 + a**4/24 + a**3 + 2*a**2. Calculate w(x).
6
Let o(j) = j**2 - 6*j - 6. Let w(p) = -p**3 - 12*p**2 - 12*p - 4. Let y be w(-11). Determine o(y).
1
Let y(q) = -3*q**3 + 3*q**2 - 3*q**2 + 6*q**3 - 1. Calculate y(1).
2
Let m = 45 - 45. Suppose -2*l + 8 = 5*p, 5*l + 1 = p - 3*p. Let s(a) = a**2 + 3 + a**3 + 0*a**2 - p + a. Calculate s(m).
1
Suppose j = -0*j - 1. Let n = j - -5. Let b(p) = 8*p**3 + 8*p**3 - 17*p**3 - 2 + 6*p + 3*p**2. Calculate b(n).
6
Let j(a) be the first derivative of 1/2*a**2 + 1/4*a**4 + 2*a**3 + 2*a - 5. What is j(-6)?
-4
Suppose -2*f - 1 - 5 = 0, 0 = m - 4*f - 19. Let l(q) = -q**2 + 6*q + 9. Let x be l(m). Let k(w) = -5*w**2 + 3*w - 3. Calculate k(x).
-17
Let m(l) = 7*l**2 - 12*l. Let n(h) = 8*h**2 - 13*h - 1. Suppose 2*r = 2 + 10. Let v(w) = r*n(w) - 7*m(w). What is v(6)?
-6
Let f(i) = -3*i**2 - 3*i - 5. Let w(y) = -4*y**2 - 4*y - 5. Let b(p) = -5*f(p) + 4*w(p). Give b(0).
5
Let b(r) be the second derivative of 3/2*r**2 + 2/3*r**3 - 1/12*r**4 + 0 + 2*r. Suppose -25 = -5*z - 0*z. Determine b(z).
-2
Let m be 1*(-2 + (-6)/(-3)). Let r(b) be the third derivative of b**6/120 + b**5/60 + b**4/24 + 5*b**3/6 + b**2. Determine r(m).
5
Let k(r) = r - 10. Suppose 0 = 5*j + 5*g + 30, -4*j + 4*g - 9 = 39. Let t = 9 + j. What is k(t)?
-10
Suppose 3*x + m = 6*m + 43, 3*x + 4*m + 2 = 0. Let i(y) be the second derivative of -y**5/20 + 7*y**4/12 - 7*y**3/6 + 3*y**2 + y. What is i(x)?
0
Let c(z) be the second derivative of 3*z - 1/20*z**5 + z**2 + 0 - 2/3*z**3 + 1/2*z**4. What is c(5)?
7
Let f = 1 - -3. Suppose -f = -3*l + 5. Suppose -p + l*i = -4*p - 12, -4*p + 24 = -4*i. Let h(n) = 2*n**3 + 2*n - 1. Calculate h(p).
3
Suppose -5*y = 5*b - 35, -6*b + 25 = -b + 3*y. Let z(j) = -4*j + 1 + 3 - 2. Give z(b).
-6
Suppose -5*b - 8 = -28. Let d(a) = -a**3 + 5*a**2 - a + 2. Give d(b).
14
Let u = -3 - -2. Let y be 7/2*(-8)/(-14). Let l(w) = -w + 3 - 4*w**2 - 5 + y. Calculate l(u).
-3
Let c(t) = -t**2 - 20*t - 34. Let z be c(-18). Let n(f) = 5*f - 1. Give n(z).
9
Let f(b) = 6*b**2 + 5 + b - b**3 - 13*b**2 + 3*b**2. Let t = -4 + 0. Calculate f(t).
1
Let q(j) = 6*j. Let g be 2*(-4)/16*-2. What is q(g)?
6
Let p(u) = -4*u**2 + 2*u - 3. Let b(s) = -3*s**2 + 2*s - 4. Let q(c) = -3*b(c) + 2*p(c). Give q(4).
14
Let o be (-25)/(-15) - (-4)/12. Let u(c) be the first derivative of c + 2 + 1/2*c**o. Calculate u(-4).
-3
Suppose 5*d = b - 12, -3*b = -d + 3 + 3. Let c(h) = 4 + 4*h - 2*h**3 + 2*h**3 - 2*h**2 - h**3. Determine c(d).
1
Let b(m) = -m**3 - 3*m**2 + 40*m + 139. Let k be b(-4). Let n be (-5 + 1)*